s -201121012100 (base 3) in base 9?
-647170
What is 1aa433 (base 11) in base 14?
85135
d0a1 (base 14) to base 6
433445
What is -c655c (base 15) in base 4?
-2121203202
-78344 (base 9) to base 10
-52042
What is 1100001011110010000 (base 2) in base 13?
10c955
What is -36cdb (base 14) in base 8?
-406161
-11101100100001110100101 (base 2) to base 13
-17b4a44
Convert -111203210 (base 4) to base 6.
-1520432
-2213352 (base 6) to base 13
-3b666
Convert -81057 (base 10) to base 13.
-2ab82
What is -20007467 (base 8) in base 2?
-10000000000111100110111
What is 6628327 (base 9) in base 7?
42164212
Convert -42320340 (base 6) to base 3.
-2022221201220
Convert 5621645 (base 8) to base 11.
946374
-11101010100001011000 (base 2) to base 16
-ea858
-402402 (base 5) to base 13
-5b08
221012010 (base 3) to base 4
10132323
What is -102323232313 (base 4) in base 6?
-254214011
Convert -326246 (base 7) to base 3.
-2220202102
What is -1110000010101000 (base 2) in base 3?
-2220220002
Convert 1a4174 (base 11) to base 2.
1001100011010011011
-1413244 (base 5) to base 13
-103a1
Convert -80a24 (base 14) to base 8.
-1134110
What is -100100110011111111100 (base 2) in base 11?
-754318
What is -20308a8 (base 14) in base 5?
-12341113121
What is -1496ca (base 13) in base 7?
-4206435
-2011021 (base 4) to base 8
-20511
What is b42a (base 16) in base 14?
12b46
1b3206 (base 14) to base 15
1421c0
What is 21108004 (base 9) in base 8?
46610130
What is -701a246 (base 11) in base 6?
-1122222242
What is -82781 (base 10) in base 3?
-11012112222
What is 6135370 (base 9) in base 10?
3271329
What is -333320302 (base 4) in base 10?
-261682
211230121 (base 4) to base 11
a5aa8
Convert -2234053 (base 6) to base 3.
-12202220020
What is 412462 (base 11) in base 2?
10100001101000101011
What is -44233432 (base 6) in base 2?
-101000011111000011100
What is -38518 (base 10) in base 11?
-26a37
220222100122000 (base 3) to base 6
1152254430
What is -3411dc (base 15) in base 9?
-4606000
-607a38a (base 11) to base 4
-220333130120
What is -21312302 (base 4) in base 9?
-61335
Convert 25422615 (base 7) to base 9.
4307416
Convert 295cb9 (base 15) to base 9.
3668373
30982 (base 10) to base 7
156220
-14707 (base 11) to base 9
-31502
Convert ce91b (base 16) to base 10.
846107
Convert 7c08c (base 15) to base 7.
3233424
-28412 (base 15) to base 4
-133202033
Convert -11001010001011101011 (base 2) to base 5.
-203000024
What is 375482 (base 12) in base 10?
900962
100111111101000000 (base 2) to base 11
101a51
What is -c669 (base 16) in base 11?
-35186
33211332103 (base 4) to base 7
46513330
Convert 12244013 (base 5) to base 10.
118633
What is -719a1 (base 11) in base 7?
-615114
What is -94056 (base 13) in base 9?
-444673
346028 (base 9) to base 14
55a23
What is -170a346 (base 11) in base 2?
-1011000111000110000001
-12330021013 (base 4) to base 13
-4b9070
-111661 (base 11) to base 12
-86aa0
Convert -10010111001100000110 (base 2) to base 12.
-25a45a
-250200 (base 7) to base 12
-22559
What is 14586 (base 13) in base 5?
2211204
-1010000202100 (base 3) to base 2
-10010000010010111111
1100001011011111000010 (base 2) to base 15
431015
Convert -136367 (base 9) to base 7.
-465115
e71 (base 16) to base 13
18b5
-88 (base 11) to base 4
-1200
What is -23130013 (base 4) in base 8?
-133407
What is -341540134 (base 6) in base 5?
-3044434440
What is -2032130022 (base 4) in base 5?
-122132214
-4393e1 (base 15) to base 11
-18aa791
Convert 220203300 (base 4) to base 6.
3321040
Convert 212535 (base 10) to base 2.
110011111000110111
1884 (base 10) to base 4
131130
40623 (base 14) to base 11
a63a2
What is -353b33 (base 16) in base 4?
-31103230303
Convert 212840 (base 12) to base 4.
1333230300
116650 (base 11) to base 8
550213
1b8a177 (base 12) to base 8
26420153
-1413014 (base 6) to base 2
-10011011101100010
What is 254a20 (base 12) in base 2?
10010100110110111000
What is -175b26 (base 13) in base 15?
-b80eb
-5622 (base 7) to base 11
-1581
What is -447606 (base 12) in base 6?
-35220010
Convert 20211202220222 (base 3) to base 14.
6a95a6
What is -e15a4 (base 16) in base 8?
-3412644
-73dda (base 15) to base 16
-59c0e
Convert 5aa466 (base 12) to base 11.
914028
Convert 2021122000200 (base 3) to base 9.
2248020
What is -1021302002 (base 4) in base 12?
-126a82
What is 1e336 (base 15) in base 2?
11000000100101001
a9661 (base 13) to base 7
2414342
What is -1514000 (base 6) in base 15?
-1aeb6
What is 106498 (base 11) in base 2?
101001011010011100
-12211212020 (base 3) to base 8
-340610
What is -160911 (base 14) in base 16?
-bc033
240605 (base 7) to base 4
22213331
What is 15331552 (base 7) in base 6?
51301421
Convert 10000000100100100 (base 2) to base 9.
110262
Convert -99047 (base 13) to base 5.
-32330011
What is -1031104430 (base 5) in base 9?
-4133222
Convert -164485 (base 13) to base 6.
-15500344
Convert -5b7ac9 (base 14) to base 10.
-3133041
Convert -31130210202 (base 4) to base 5.
-1400244043
-3a8488 (base 11) to base 10
-640791
-2012021 (base 4) to base 16
-2189
3210002010 (base 4) to base 6
32004100
-23134 (base 13) to base 7
-354241
782788 (base 10) to base 6
24440004
Convert af3 (base 16) to base 3.
10211211
Convert -499b06 (base 12) to base 4.
-10210233312
What is -1131413 (base 5) in base 10?
-20858
What is 10100111110101110011010 (base 2) in base 11?
31170a0
Convert 166620513 (base 7) to base 16.
afbf9c
What is 324233021 (base 5) in base 14?
285c64
What is 4123430 (base 6) in base 10?
197802
-b9c44 (base 15) to base 8
-2200276
Convert -1325504 (base 7) to base 2.
-101010101011110100
-3c6ab1 (base 15) to base 8
-13060203
What is 1100111111010100100110 (base 2) in base 6?
200552154
-133617 (base 11) to base 3
-101122200002
What is -205c62 (base 16) in base 14?
-3d2c5c
What is -24360 (base 11) in base 3?
-1210001121
What is -a8a9c8 (base 16) in base 9?
-22716510
4c495 (base 14) to base 4
231301303
Convert -13232463 (base 7) to base 6.
-42035550
63244 (base 7) to base 3
210100111
Convert -1001101111111111001100 (base 2) to base 15.
-357452
Convert 4a46c1 (base 13) to base 12.
71a631
What is 4845945 (base 10) in base 11?
280a915
3225450 (base 6) to base 15
32346
-364774 (base 8) to base 15
-27276
Convert 11474155 (base 8) to base 3.
11202002102200
Convert 13761 (base 13) to base 15.
abc9
Convert 1713614 (base 10) to base 6.
100421222
What is 1c062 (base 14) in base 16?
11706
Convert -11210021120 (base 3) to base 12.
-46659
Convert 1444133331 (base 5) to base 6.
215301243
1c34d (base 16) to base 6
2250513
-23242244 (base 5) to base 8
-636347
15266301 (base 7) to base 3
2202021111200
What is -53133551 (base 7) in base 2?
-10001001001101001101110
What is 113163a (base 11) in base 9?
3645153
-1505d (base 14) to base 11
-36262
What is 432737 (base 8) in base 3?
21100201022
What is 221013000002 (base 4) in base 2?
101001000111000000000010
What is -1979a6 (base 16) in base 4?
-12113212212
Convert -440233010 (base 5) to base 4.
-13023311301
What is -1cc0c (base 14) in base 10?
-73708
What is 39444 (base 11) in base 4?
31301302
184732 (base 10) to base 3
100101101221
-5122042 (base 6) to base 7
-2034452
Convert -356250 (base 7) to base 13.
-23547
Convert 17902 (base 12) to base 4.
20111102
Convert 2402111340 (base 5) to base 16.
53fbe2
What is d6f9 (base 16) in base 4?
31123321
-2157054 (base 10) to base 9
-4046826
What is 1100010111001110111000 (base 2) in base 7?
36355440
What is 61505427 (base 8) in base 2?
110001101000101100010111
What is 7e79e (base 15) in base 4?
1202132111
What is 13130231211 (base 4) in base 2?
111011100101101100101
-11000001001111 (base 2) to base 12
-71a7
-21020012211 (base 3) to base 4
-202233220
-1412261 (base 7) to base 2
-101101111011001001
Convert -256655 (base 8) to base 10.
-89517
2784 (base 15) to base 3
102120221
What is 241111 (base 5) in base 6?
105122
What is 1120112110 (base 3) in base 8?
74440
Convert -154562 (base 9) to base 2.
-10111001111111111
2111013130 (base 4) to base 5
124021110
-32132033 (base 4) to base 10
-59279
e9684 (base 15) to base 7
6203116
Convert 37703 (base 16) to base 13.
7c484
Convert -16022767 (base 9) to base 2.
-11110011101111010000111
-7537674 (base 9) to base 5
-2013300141
-1210200210102 (base 3) to base 16
-ea014
What is -265511 (base 8) in base 9?
-151514
Convert -20332110 (base 4) to b